is the remainder when 483 is divided by x?
17
What is the remainder when 5333/(((-3)/(-4))/(5/((-40)/(-6)))) is divided by 58?
55
Let w(h) = 2*h**3 - 9*h**2 + 4*h - 68. Calculate the remainder when 277 is divided by w(6).
21
Suppose c + 5 = -3*b + 11, 5*b + 4*c - 10 = 0. Suppose 2*r = -5*q + 6*r + 281, -b*q - 5*r + 86 = 0. What is the remainder when q is divided by 4?
1
Let i = 61 + 554. Let y = 643 - i. Calculate the remainder when y is divided by 13.
2
Suppose 0 = -t + 5*u + 227, 5*t - 313 = 4*u + 843. Calculate the remainder when t is divided by 75.
7
Suppose 51 = 5*l + 41. Suppose -3*b = 5*d - 36, -6*d + l*b + 14 = -3*d. Let g = 41 - 18. Calculate the remainder when g is divided by d.
5
Suppose 108*n - 4740 = 98*n. What is the remainder when n is divided by 165?
144
Suppose -18*i + 40 = 7852. Let j = -406 - i. What is the remainder when 130 is divided by j?
18
Let r = -18 - -42. Calculate the remainder when (-468)/(-10) - (-5)/(50/(-8)) is divided by r.
22
Let f(r) = 2*r**2 + 15*r. Let x be f(-8). Suppose 0 = 2*a - 10 - 8. What is the remainder when a is divided by (-20)/(-6) - (x - 12)/(-12)?
0
What is the remainder when 71 + 2513 + 12 + -2 is divided by 21?
11
Let c = -5964 - -5967. Calculate the remainder when 2279 is divided by c.
2
What is the remainder when 258 is divided by (-18)/(-99) - ((-5334)/66 + 2)?
21
Let v = -20521 + 20982. Calculate the remainder when v is divided by 442.
19
Suppose 4105 = 9*x - 6974. What is the remainder when x is divided by 137?
135
Suppose x = -3*x - 4*f + 516, 2*f + 510 = 4*x. Let c = 14 - 10. Suppose 2*w - 4 = 0, -c*j - 4*w + x = j. Calculate the remainder when j is divided by 7.
3
Let b = -847 + 844. Let r = 2 - -2. What is the remainder when 63 is divided by (9/(-3) + -3)*r/b?
7
Let o = -2035 + 2151. What is the remainder when o is divided by 34?
14
Suppose 333 = 3*w + 3*o, w = -4*o + 199 - 64. What is the remainder when 9267 is divided by w?
100
Let z(w) = -w**3 + 222*w**2 + 671*w + 927. Let o = -49 + 138. What is the remainder when o is divided by z(225)?
8
Suppose 6 = -2*j, 2*j + j = -t + 518. Suppose -5*i + t = 37. Let b = 87 - 35. Calculate the remainder when i is divided by b.
46
Let w = 3744 - 3520. Calculate the remainder when w is divided by 121.
103
Suppose -12*o = 3140 - 3692. Calculate the remainder when (-796)/(-6) + (-14)/21 is divided by o.
40
Calculate the remainder when 68*2*9*11/132 is divided by 88.
14
Let l(s) = 16*s**2 + 3*s + 1. Let o be l(1). Calculate the remainder when 17 is divided by (5 + -9)*o/(-8).
7
What is the remainder when 3573 is divided by -2 + (-15 - -11 - 2 - 1*-15)?
3
Suppose -171*j = -23*j - 30784. Calculate the remainder when j is divided by 22.
10
Let t = 5837 + -5710. Calculate the remainder when 619 is divided by t.
111
Let r be 63/(-42)*((-949)/3 + 1). Suppose -5*p + 9*f - 5*f = -r, 4*p + f = 370. Let t(o) = 3*o**2 - 6*o + 2. Calculate the remainder when p is divided by t(5).
46
Let m(f) = f**3 + 4*f**2 + 4*f + 2. Let p be m(-3). Let j be 163/p + (-3)/((-9)/6). Let i = j + 226. Calculate the remainder when i is divided by 17.
14
Let g(h) = 2*h**3 + 27*h**2 - 371*h + 19. Calculate the remainder when g(16) is divided by 10.
7
Suppose 0 = -3*j - 18, 2*d + 158*j = 163*j + 42. Calculate the remainder when 60 is divided by d.
0
Let g(b) = b + 10. Let j be g(2). Let w be 210*2*3/12. What is the remainder when 65 is divided by w/6 - 3*2/j?
14
Let n(j) be the third derivative of 5*j**4/8 - 55*j**3/3 - 195*j**2. What is the remainder when 39 is divided by n(9)?
14
Suppose 3*a - 2*q - 43 - 119 = 0, -2*a + 141 = -5*q. Calculate the remainder when 6573 is divided by a.
45
Let o(j) be the third derivative of -j**5/60 + 35*j**4/24 - 7*j**3 + 78*j**2. Let v(r) = 4*r**2 - 3*r - 2. What is the remainder when v(-7) is divided by o(33)?
23
Let x(d) = -835*d**2 - 7*d - 6. Let m be x(-1). What is the remainder when 67 is divided by m/(-24) - 1/(-4)?
32
Suppose 0 = -20*m + 19*m - 5*g + 192, 4*m - 702 = 2*g. Calculate the remainder when m is divided by 171.
6
Calculate the remainder when 168*18/81*174/4 - 4 is divided by 269.
6
Let r = 2074 + -2053. Let l = 137 + -94. What is the remainder when l is divided by r?
1
Let t be ((-12)/(-9))/(1/(-3)) + 9. Suppose -2*q - 140 = 4*o - t*q, 3*o = -4*q - 80. Let n = 38 + o. What is the remainder when 40 is divided by n?
4
Let m be (196/(-21))/((-8)/12). Let r = m + 55. Let z = r + -55. Calculate the remainder when 60 is divided by z.
4
Suppose 16*f + 37*f = -9*f + 705064. What is the remainder when f is divided by 121?
119
Let t = 125 + -149. Calculate the remainder when (4000/t)/(-10)*18 is divided by 19.
15
Suppose -7*a + 9*a - 272 = -2*i, 671 = 5*a + 2*i. Calculate the remainder when 155 is divided by a.
22
Let s(h) = 3*h - 6. Let q be s(4). Let g(i) = -5*i**2 + 3*i**2 + 6*i + 3*i**2 - q - 6. Calculate the remainder when 53 is divided by g(4).
25
Suppose 193*b - 15 = 198*b, 0 = 5*o + 4*b - 163. What is the remainder when 140 is divided by o?
0
Let h(i) = -12*i. What is the remainder when h(-3) is divided by 76/(-266) - (-5)/(175/745)?
15
Suppose 8*x - 13*x - 5*d + 30 = 0, -x + 5*d + 12 = 0. Suppose -29 = -x*n + 118. What is the remainder when 104 is divided by n?
20
Suppose -3*w + 2*w + 5*a + 145 = 0, -a = -2*w + 272. Let j = 19171 - 19161. Calculate the remainder when w is divided by j.
5
Suppose -5*d + 36 = -4*o, -3*o + 15 = -4*d + 43. Suppose 5*x - 132 = -2. What is the remainder when (-3 - o)/(-6*7/(-1554)) is divided by x?
11
Suppose 3*t + 2*g = 854, 12*t + 3*g - 571 = 10*t. Calculate the remainder when t is divided by 38.
18
Let l = 35 + -28. Suppose 53 = -l*g + 130. Suppose 2*i + g*i - 416 = 0. Calculate the remainder when i is divided by 17.
15
Let k = 942 - 913. Calculate the remainder when 603 is divided by k.
23
Suppose 0 = 2*w - 0*w - 102. Let q = w - 28. Calculate the remainder when 38 is divided by q.
15
Let y(f) = -11*f - 88. Suppose 7*r = -2*x + 2*r - 39, x = r - 9. What is the remainder when y(x) is divided by 15?
14
Let r(f) = -3*f**2 - 19*f - 1. Let k be r(-6). Suppose -200 = -k*a - 45. Calculate the remainder when 61 is divided by a.
30
Calculate the remainder when 3275 is divided by (31008/(-285))/(3/(-30)).
11
What is the remainder when 131 is divided by (-3)/42 + (-16439)/(-238)?
62
Let q = 38 - -54. Suppose 11*p - 15*p + q = 0. What is the remainder when 112 is divided by p?
20
Suppose -5*g - 18 = -213. Let i(c) = c**3 + 38*c**2 + 203*c + 31. What is the remainder when i(-31) is divided by g?
36
Suppose 4*d - 3*a - 52 = 3*d, 0 = -5*a. Suppose 2*x - d = -4*v, 3*v + 3*x - 45 = -0*v. Calculate the remainder when 29 is divided by v.
7
Suppose i - 1119 = -4*z, 0 = 947*i - 944*i - 3*z - 3327. What is the remainder when i is divided by 183?
13
Let i = -4 + 26. Calculate the remainder when 150/2 - (1371 + -1339) is divided by (4/(-2))/((-2)/i).
21
Let u(t) = -63*t - 1347. Let p be u(-21). Let x(l) = l**3 + 13*l**2 + 22*l - 25 + 6 + 12*l**2. What is the remainder when x(p) is divided by 10?
9
Let s = -28 + 43. Calculate the remainder when s is divided by (-130)/(-52)*16/5.
7
Let r(t) = -t**3 - 8*t**2 - 6*t + 2. Let b be r(-7). Calculate the remainder when 17 is divided by 1 + 2 + (-30)/b.
8
Let d(k) = 6*k**3 - 2*k**2 + 2*k - 1. Let t = 174 - 179. What is the remainder when d(1) is divided by t + 9 + (2 + 0)*-1?
1
Let q(a) = -24*a + 2711. Calculate the remainder when q(27) is divided by 12.
11
Suppose 2*u - 52 = -2*u. Let m(s) = 7*s + 22. Let w(o) = -2*o**2 - 40*o - 34. Let j be w(-19). Calculate the remainder when m(j) is divided by u.
11
Let u = -249 + 377. Calculate the remainder when u is divided by ((-4)/3)/((-112)/1848).
18
Suppose -447 - 642 = -11*b. Let r(u) = -u**2 + u - 1. Let w be r(1). What is the remainder when 20 is divided by (w/3)/(-1*3/b)?
9
Suppose -2228 = -3*y + 5*q, y + 66*q = 69*q + 736. What is the remainder when y is divided by 9?
4
Let y(f) = 9*f - 91. Let d be y(13). Let u = 2 + 8. Let q = d - u. Calculate the remainder when q is divided by 2.
0
Let k(l) = l**3 - 67*l**2 - 73*l + 454. What is the remainder when 447 is divided by k(68)?
105
Let k be (882/(-10) - 7) + 4/(-5). Calculate the remainder when k/816 - 24552/(-34) is divided by 25.
22
Suppose 11*l + 4*v - 30 = 2*l, -36 = -5*l + v. Calc